z(a)?
-14
Let i(h) = 0 + 100914*h**3 - 100931*h**3 + 1 - h. Determine i(1).
-17
Let h(l) = 31 - 35 - 5*l + 2*l - 6*l - l**2. Determine h(-11).
-26
Let z(r) be the second derivative of -r**5/20 - r**4/3 + 5*r**3/6 + r**2/2 - 15*r. Let t = 146 - 151. Give z(t).
1
Suppose 109 = 2*t + 101. Suppose 0 = -5*g + t*g + 5. Let k(u) = -u**2 + 3*u + 5. What is k(g)?
-5
Let d(u) = u + 7*u**2 + 3 - 5*u**2 + 0 + u**2. Let q(n) = 4*n**2 + 2*n + 2. Let i(v) = 5*d(v) - 4*q(v). Let s be 5/(-2)*(-6 - -8). What is i(s)?
-3
Suppose k + 14 = -4*p, -5*p + 4*k = -3*p + 16. Let f(t) = 2*t + t**2 + 0*t + 5 + 2*t + 0*t. Give f(p).
5
Let j(f) = -f**2 + 6*f - 3. Let b be ((-45)/6)/(3/48*-6). Suppose 5*l = -b, d = -0*d + 2*l + 14. Calculate j(d).
-3
Let o(u) = 14*u - 1. Let r(k) = 5*k. Let h(l) = 4*o(l) - 11*r(l). Determine h(4).
0
Let y(x) be the first derivative of x**4/4 - 7*x**3/3 + 3*x**2 - 6*x + 1170. Suppose -o - 3*c = -18, 22 = o - c + 5*c. Calculate y(o).
-6
Let r(p) be the third derivative of 5*p**2 + 0*p + 1/60*p**5 + 1/24*p**4 + 0 - 4/3*p**3. Calculate r(0).
-8
Suppose 3*t = 4*t - 17. Let p = t + -11. Let g(d) = d**3 - 7*d**2 + 6*d + 2. Give g(p).
2
Let s(i) = i**3 + 3*i**2 - 6*i - 3. Let f be (-1 - 10) + -10 + 17. What is s(f)?
5
Let l(p) = -p**2 + 41 + 2*p**2 - 32 + 6*p. What is l(-7)?
16
Let z(l) be the third derivative of -l**4/12 + 13*l**3/6 - 2*l**2 + 6*l. What is z(9)?
-5
Let t(i) = 24*i - 13. Let q(x) = 18*x - 13. Let k(v) = -3*q(v) + 2*t(v). Calculate k(14).
-71
Let c be (-6)/(-9) - 44/(-6). Suppose -5*r - c = 22. Let v(z) be the second derivative of -z**3/6 + 5*z**2/2 + 9*z. Determine v(r).
11
Let h(w) = -4 - 2 + 0 - 8*w + w**2. Suppose 44*g - 9766 = -9414. What is h(g)?
-6
Let n be 216/28 + (-2)/(-7). Let f(w) = 0*w**2 - 11 + 3 - n*w - w**2. Let d(u) = 3*u**2 + 66*u - 150. Let c be d(-24). What is f(c)?
4
Let g(x) be the third derivative of -x**5/60 + 7*x**3/6 - 433*x**2. Give g(-4).
-9
Let v(a) = -a**3 + 4*a**2 + 7. Let d be v(4). Let t(x) be the first derivative of -1/3*x**3 - 3*x**2 + d*x - 4. Give t(-5).
12
Let z(i) = 5*i - 67. Let k = 1707 - 1693. Determine z(k).
3
Let i(z) = 2*z + 14. Let x(c) = 7*c**3 + 2*c**2 + 5*c + 3. Let y be x(-1). Determine i(y).
0
Let o(j) = 4*j**3 - j**2. Let x(y) = 2*y - 3. Let q be x(3). Let b be -4 - (6/(-6) + -7). Suppose -b = -r - q*r. Give o(r).
3
Let o(g) = 150*g - 74*g - 82*g - 11*g**2 + 2*g**3 - 1. Determine o(6).
-1
Let j(q) be the first derivative of -q**4/2 + 4*q**3/3 - q**2/2 - 2*q - 1. Let x = -67 + 69. Suppose -5*h - 23 = -4*b, -x*b + 7 = -0*h - h. Calculate j(b).
-4
Let x(z) = z - 10. Suppose -2*h + 12 = -3*o, -h + 5*o = 3*h - 28. Suppose 2*w - h*w + 80 = 0. Calculate x(w).
-2
Let p(o) be the third derivative of o**8/20160 - o**7/840 + o**6/720 - 11*o**5/30 + 27*o**2. Let t(m) be the third derivative of p(m). Calculate t(6).
1
Let x be (-17 - -8) + -3 + -5. Let h(t) = -t - 16. Determine h(x).
1
Let h(l) be the second derivative of l**4/12 - l**3 - 5*l**2 - 23*l. Let o = -15 - -22. Determine h(o).
-3
Let k(i) = -9*i**2 - 15*i + 8. Let q(d) = 14*d**2 + 23*d - 12. Let v(c) = 8*k(c) + 5*q(c). Give v(-4).
-8
Let r(n) = -n + 7*n - n + 3*n + 2 + n**2. Let f(k) = 1. Let u(l) = -2*f(l) - r(l). What is u(-5)?
11
Let f(q) = q + 4. Suppose y - 3 = 4*y. Let z(k) = -k**3 - 2*k**2 + 1. Let c be z(y). Give f(c).
4
Suppose -96 = -d + 5*j, 0*d - 3*d = -5*j - 288. Let v = d + -92. Let i(p) = p**3 - 3*p**2 - 2*p + 3. What is i(v)?
11
Let u(a) be the third derivative of -a**5/20 - 2*a**4/3 + 269*a**2. What is u(-5)?
5
Suppose 3 = 12*h - 15*h. Let n be ((-3 - -5) + h + -3)/2. Let p(j) = 4*j**2 + 1 - j - 1. Give p(n).
5
Let p(o) = 2*o**2 + 57*o + 37. Let u be p(-28). Let m(n) = -n**3 + 10*n**2 - 9*n + 12. Calculate m(u).
12
Let q = 1091 + -1087. Let p be 2/4 + (-10)/(-4). Let g(y) = p*y + 3 - y + 2*y**2 - 8*y. What is g(q)?
11
Suppose 3*w - 18*w + 60 = 0. Let l(n) be the second derivative of -1/20*n**5 + 3*n**2 + 1/6*n**3 + 0*n**w + 0 - 7*n. Determine l(0).
6
Let f be (-3 - -2)/((-2)/12). Let n(c) = 3*c**3 + 7 - 4*c - 3*c**3 - 35*c**2 + 2*c**3 - 3*c**3 + 41*c**2. Calculate n(f).
-17
Let v(t) = -2*t**2 + 11*t - 6. Suppose -10*l = -113 + 43. Determine v(l).
-27
Suppose 8*z - 24 = 7*z - 5*b, z + b = 4. Let n(m) = m**3 + 2*m**2 - 1. Give n(z).
0
Let p(w) be the third derivative of w**5/60 + 7*w**4/24 + 2*w**3/3 + 43*w**2. What is p(-9)?
22
Let p = -319 - -317. Let l(h) = -2 + 5 + 2*h**3 - 1. Give l(p).
-14
Let a be (4/(-29))/((-24)/348). Let p(m) = 3*m**2 - 2*m - 1. Let h(d) = -5*d**2 + 3*d + 2. Let u(b) = -4*h(b) - 7*p(b). Give u(a).
-1
Let r be (-42)/49 + -4 + (-136)/(-28). Let p(b) = -b**2 - b - 28. Determine p(r).
-28
Let j(k) = -k**3 - 16*k**2 - 8. Let z(o) = o**3 + 20*o**2 + o + 9. Let b(f) = -6*j(f) - 5*z(f). Calculate b(5).
3
Let t(m) be the first derivative of -2*m**2 + 218. Calculate t(-1).
4
Let g(k) be the third derivative of k**4/24 - 2*k**3 - 5*k**2 + 2*k. Give g(6).
-6
Let l(o) = -o**3 + 7*o**2 + o - 9. Let y(f) = -f**3 - 9*f**2 - f - 2. Let s be y(-9). Calculate l(s).
-2
Let v(k) be the second derivative of k**5/20 - k**4/6 - k**3/2 - k**2 + k. Let u(h) = -2*h**2 + 35*h - 14. Let f be u(17). What is v(f)?
-2
Let r = -774 + 768. Let m(h) = -h**2 - 4*h + 13. What is m(r)?
1
Let o(a) = 6*a**2 + a - 1. Let p(k) = -k**3 - 20*k**2 - 20*k - 18. Suppose 5*l = -3*l - 152. Let f be p(l). Calculate o(f).
6
Let z be 2 - (-1 + -7)*(-14)/(-28). Let l(d) = -d**3 + 6*d**2 + 7*d - 9. Calculate l(z).
33
Suppose 54 = -4*t + 78. Let k(u) = -14 - 19 - t*u + 32 - 6*u. Give k(-1).
11
Let w(p) be the second derivative of -2*p**4/3 + p**3/6 + p**2/2 - p - 128. Calculate w(-1).
-8
Suppose -g = 2 + 3. Let q(u) = -2*u**2 - 10*u + 2. Let h be q(g). Let s be (h/4)/((-3)/(-6)). Let a(i) = -6*i**2 - 1. Calculate a(s).
-7
Let m be 1/(-1) + (-3 - -3). Let c(y) = -y**2 - 5*y - 1. Let r(w) = -w + 1. Let a(v) = m*c(v) - r(v). Give a(-6).
0
Let p(g) = g**3 - g - 1. Suppose -t - t + 12 = 0. Let h(i) be the first derivative of i**3/3 - 3*i**2 + 220. Let b be h(t). Give p(b).
-1
Suppose -18 = -6*h + 3*h. Let f(n) be the third derivative of n**5/60 - n**4/6 - n**3 - 95*n**2. Give f(h).
6
Let x = 12 + -7. Let d(m) = -m**2 + 6*m - 3. Let w(r) be the third derivative of r**3/6 - 17*r**2. Let o(i) = d(i) + w(i). Give o(x).
3
Let k(y) = -y + 29. Suppose -24*w = -3*m - 21*w + 6, 2*w + 4 = -2*m. Calculate k(m).
29
Let a(q) = -q**3 + 5*q**2 - 2*q - 4. Let z be 164/820 - ((-29)/5 + 1). Determine a(z).
-14
Suppose -1 = -12*t + 23. Let m(d) = d**3 + d**2 + d - 1. Let c(j) = 2*j**3 + j**3 + 5*j**2 + j**3 + 4*j. Let h(q) = t*m(q) - c(q). Determine h(-2).
6
Let q(c) be the first derivative of -1/4*c**4 + c**2 + 3 - 4/3*c**3 + 4*c. Give q(-4).
-4
Let q(c) be the second derivative of -c**4/12 + 2*c**3/3 + 3*c**2/2 + 68*c. Suppose -y - l = -8, -2*y - l = -3*y. Give q(y).
3
Let t(h) = 2 - 1355*h + 1352*h + h**2 + 0*h**2. What is t(5)?
12
Suppose 2 = 5*g - 53. Let h(z) = z**3 - 11*z**2 + 2*z - 12. Let v be h(g). Let w be (-2)/v + (-14)/5. Let y(k) = -k**2 - 4*k - 3. What is y(w)?
0
Let v(k) be the first derivative of -k**3/3 - 3*k**2 - 9*k - 540. Give v(-3).
0
Let p(y) = y**2 - 13*y + 11. Let q(t) = -15*t**3 - t**2 - 4*t - 4. Let h be q(-1). What is p(h)?
25
Let v(j) = 6*j**3 + 7*j**2 - 18*j + 16. Let b(u) = -5*u**3 - 9*u**2 + 18*u - 16. Let y(o) = 5*b(o) + 4*v(o). Calculate y(-18).
-16
Let n(b) = -b**3 - 15*b**2 - 25*b + 16. Let u be n(-13). Let f(g) = -g**2 + 3*g - 3. Determine f(u).
-3
Let i(u) be the first derivative of -1/3*u**3 + 4*u**2 - 6*u - 1. Give i(7).
1
Let q(g) = 4*g**3 + 2*g**2 - g. Let r be q(1). Suppose 5*y + r = 4*y. Let u(w) = w**3 + 6*w**2 + 2*w - 6. Calculate u(y).
9
Let k be -4 + 1/1 - 4. Let z(j) = j**2 + 6*j - 4. Let c be z(k). Let v(a) = -a**3 + 2*a**2 + 3*a - 4. Give v(c).
-4
Suppose -77*v = -70*v - 14. Let s(w) = 16*w - 3. Determine s(v).
29
Let m(a) = a + 15. Suppose 17*z + 80 = z. Calculate m(z).
10
Suppose -4*a + 27 = 5*s, -3 = -5*a + 4*s - 0. Let h(l) = 2*l**3 - 11*l**2 + 6*l**2 - a*l**3 - l**2. Determine h(-6).
0
Let i(x) = x - 3. Let m(k) = -k**3 + 10*k**2 + 24*k. Suppose 0 = -3*w + 3*h + 42, -3*w + 5*h + 74 = 28. Let t be m(w). Calculate i(t).
-3
Let p(k) = -k**2 - 4*k + 4. Let h = 1050 - 1047. What is p(h)?
-17
Let g(s) = -2*s + 2. Let